
1
Let r = 3 - 0. Suppose 21 - 5 = r*c - t, -4*t - 20 = -c. What is the remainder when c is divided by 2?
0
Let t = 1 + -44. Let w = t - -65. Calculate the remainder when w is divided by 6.
4
Suppose -2*x - 3*k + 16 = 0, 0 = -5*k + 1 - 11. Calculate the remainder when 1 - 1/(2/(-38)) is divided by x.
9
Let y = -69 + 95. Calculate the remainder when y is divided by 7.
5
Suppose 5*p = p + 200. Calculate the remainder when p is divided by 13.
11
Suppose 5 = -5*x, 6*x = -g + 2*x - 11. Let i be ((-6)/g)/(5/35). Suppose i = 2*v + 2*s, -14 = -4*v - 7*s + 4*s. What is the remainder when 9 is divided by v?
4
Let b(w) = -4*w + 2. Let c(m) = 3*m - 2. Let u(z) = 4*b(z) + 5*c(z). What is the remainder when (0/2 - 2)*-8 is divided by u(-8)?
4
Suppose 3*z + 14 = 5*v + 57, 5*z = 5*v + 75. Let c(i) = -i + 20. Suppose -3*u + 52 = u - w, 4*w = 3*u - 26. Calculate the remainder when z is divided by c(u).
4
Suppose 4*c - 2*f - 34 + 8 = 0, -3*f - 24 = -3*c. Calculate the remainder when 25 is divided by c.
0
Let g(r) be the first derivative of 13*r**4/2 - r**3/3 + r**2/2 + 1. Suppose 8*f - 70 = 3*f. What is the remainder when g(1) is divided by f?
12
Let a(k) = k**2 + 5*k - 7. What is the remainder when a(-12) is divided by 13?
12
Suppose 9*m = 11*m - 150. What is the remainder when m is divided by 38?
37
Suppose 4*s + r = -4*r + 13, 5*s - 2*r - 8 = 0. Let m(o) = 2*o + 1. Calculate the remainder when 18 is divided by m(s).
3
Suppose -4*n = 47 + 25. Let v(b) = 7*b - 15. Let p be v(7). Let d = n + p. Calculate the remainder when d is divided by 6.
4
Let u(d) = -2*d**3 - 2*d**2 + 4*d. Calculate the remainder when u(-3) is divided by 13.
11
Let z be (-22)/(-4)*4/2. Let o be ((-6)/(-15))/(3/(-75)). Let c = o + z. What is the remainder when 3 is divided by c?
0
Suppose 3*f - 23 + 7 = 4*x, -4*f - 5*x + 11 = 0. What is the remainder when (((-7)/6)/(-1))/((-45)/(-270)) is divided by f?
3
Let c = 4 - 1. Suppose 4*r - 45 = c*r. Calculate the remainder when r is divided by 12.
9
Let i = 1 + 7. What is the remainder when 22 is divided by i?
6
Let c(s) = -226*s + 4. Let l be c(-2). Suppose 3*a + 3*a = l. What is the remainder when a is divided by 26?
24
Let h be (3 + (-40)/12)*-57. Suppose h = y - 9. Calculate the remainder when y is divided by 10.
8
Suppose 4*c - 10 = -2*s + 22, -s - 5*c = -31. What is the remainder when s is divided by 4?
2
Suppose -d - d + 42 = 0. Let c = 6 - -6. What is the remainder when d is divided by c?
9
What is the remainder when 22 is divided by 105/12 - 3/4?
6
Suppose -91 = -4*q + 9. Suppose -2*z = -z + 2*s - q, -3*s = -z + 25. What is the remainder when z is divided by 14?
11
Let n = -228 + 274. Suppose -3*h = -2*j - 32, -h - 52 = -6*h + 4*j. What is the remainder when n is divided by h?
10
Let z = 8 - 8. Suppose 2*g = -5*t + 36, t = -z*g - g + 9. Calculate the remainder when t is divided by 2.
0
Calculate the remainder when (-411)/(-7) + 4/14 is divided by 10.
9
Calculate the remainder when 23 is divided by ((-2)/(-6) - 1)/(60/(-540)).
5
Let b(a) = -a**2 - 18*a - 18. Let v be b(-14). Suppose r = -f - 10, 5*r = -2*f + 2 - 16. Let o = v + f. What is the remainder when o is divided by 9?
8
Suppose -2*g - 12*g = -924. Calculate the remainder when 327 is divided by g.
63
Let x(y) = -2*y**3 - 11*y**2 + 4*y + 2. Let j be x(-8). Suppose -6*w = -w - j. Let h(u) = 5*u**2. What is the remainder when w is divided by h(2)?
18
Suppose -1 - 5 = 2*w. Let b = w - -6. Let t = 35 + b. Calculate the remainder when t is divided by 13.
12
Suppose 4*h = -4*m + 3*h + 71, -3*h + 9 = 0. Calculate the remainder when 59 is divided by m.
8
Let j be (-22)/(-6) + 4/12. Suppose 3*d - a - j*a = 6, -13 = -d - 2*a. Calculate the remainder when d is divided by 3.
1
Let g = -8 + 21. Calculate the remainder when ((-152)/20)/((-2)/10) is divided by g.
12
Let a be -16 - 0/(0 - -3). Suppose -2*r + 9 - 1 = 4*o, 4*o - 3*r - 28 = 0. What is the remainder when 2 is divided by (8/a)/((-1)/o)?
0
Calculate the remainder when (10/4)/((-9)/(-270)) is divided by 3*19/6*2.
18
Let z = 10 + -6. Suppose -z*d + 21 = -d. Calculate the remainder when 12 is divided by d.
5
Let g(y) = y**2 + 11*y + 10. Let t be (-1)/1 + -2 + -8. What is the remainder when g(t) is divided by 4?
2
Suppose -8*d - d = -126. Calculate the remainder when 39 is divided by d.
11
Let l(z) = -3*z - 2. Suppose 12 = 3*f + 3*r, -5*r - 3 = -f + 7. Calculate the remainder when l(-2) is divided by (-8 + f)*4/(-6).
0
Let b = 66 - 22. What is the remainder when b is divided by 12?
8
Let i(d) = -6*d**3 - 6*d**3 + 6*d**2 - 2*d**3 - d + 13*d**3 + 6. Let s be -10*(0 - (-2)/(-4)). What is the remainder when i(s) is divided by 14?
12
Calculate the remainder when 29/2*4*1 is divided by 15.
13
Let d = -32 - -47. Let w = d + -4. Calculate the remainder when 20 is divided by w.
9
Suppose w + 3*w = 8. Calculate the remainder when 6 is divided by w.
0
Suppose 9*b = 12*b - h - 40, -3*h + 6 = 0. What is the remainder when 82 is divided by b?
12
Let r be 4/6 - (-3360)/9. Suppose -r + 54 = -4*n. Suppose -85 + 32 = -5*i + 4*t, n = 5*i + 5*t. Calculate the remainder when 37 is divided by i.
11
Suppose -r + w = -6, r - 20 = -2*w + 1. Let b(x) = x**3 + 3*x**2 - 3*x + 1. Let i be b(2). Let j = i - r. What is the remainder when j is divided by 2?
0
Let l = -5 + 10. What is the remainder when 24 is divided by l?
4
Let i(j) = j + 13. What is the remainder when 31 is divided by i(5)?
13
Let w(f) = -22*f - 1. Suppose 2*c + 54 = 4*r, 0 = -0*c + c + 3. Calculate the remainder when w(-1) is divided by r.
9
Suppose 3*k - 235 = -2*k. Let w = k + -27. Calculate the remainder when 2 is divided by ((-1)/2)/((-5)/w).
0
Suppose 3*c + 193 + 147 = 5*p, c = 5. Calculate the remainder when p is divided by 19.
14
Let b(o) = o**2 - 9*o + 16. What is the remainder when (-4)/14 + 331/7 is divided by b(9)?
15
Suppose -3*y + 27 = -15. Calculate the remainder when 54 is divided by y.
12
Suppose 0 = 2*a - 0*a - 8. Suppose -a*g - 5 = -5*g. Calculate the remainder when 18 is divided by g.
3
Let w(n) = 13*n - 5. What is the remainder when 80 is divided by w(2)?
17
Let c = -163 + 253. What is the remainder when c is divided by 23?
21
Let x(f) = 5*f - 12. Suppose 28 = 5*t + 113. Let h = t + 29. Calculate the remainder when x(h) is divided by 17.
14
Let j = 11 - -4. Let o(m) be the second derivative of m**4/6 - m**3/3 + 5*m**2/2 - 2*m. Calculate the remainder when o(4) is divided by j.
14
Let o be 0/((4 + -2)/2). Suppose -2*l + 7*l - 45 = o. Calculate the remainder when 35 is divided by l.
8
Let t(j) = -j + 3. Let c be t(-3). Suppose -3*v - 2*u = -c*v + 112, 83 = 2*v - 3*u. Suppose -5*d = -3*d - 24. What is the remainder when v is divided by d?
10
Let w(m) = -2*m. Let u be w(4). Let s be 4*3/u*-34. Let g = -16 + s. What is the remainder when g is divided by 12?
11
Suppose 0 = 2*y - 3*v - 5, -3*y = -6*y - 2*v + 27. What is the remainder when 25 is divided by y?
4
Let u(p) = p**2 + 4*p + 3. Let r be u(-5). Let o = r - -1. Calculate the remainder when 34 is divided by o.
7
Let w = -9 + 42. What is the remainder when 129 is divided by w?
30
Let d = 6 + 17. Calculate the remainder when d is divided by (-152)/(-12) - (-4)/(-6).
11
Let y = 59 + -54. What is the remainder when 23 is divided by y?
3
Let f = -71 - -84. What is the remainder when 76 is divided by f?
11
Let z(o) be the third derivative of -o**5/60 + o**4/3 - o**3 + o**2. Let l be z(7). Suppose 2*q - l = 1. Calculate the remainder when 2 is divided by q.
0
Let s = -3 + 3. Let b(g) = 4*g + 7. Let z be b(-5). Calculate the remainder when (z - s)*(2 + -4) is divided by 14.
12
Let y(i) = i**2 - 7*i + 2. Let q be y(7). Suppose -q*a - a = -3. What is the remainder when 11 is divided by 6 - ((4 - a) + -1)?
3
Let b be 2/6 - 11/(-3). Suppose 0 = -b*m - m - 3*y + 140, -3*y + 56 = 2*m. Calculate the remainder when m is divided by 8.
4
Let w(s) = 4*s**2 - 3*s - 1. What is the remainder when 81 is divided by w(-2)?
18
Let l(b) = 8*b**2 + 2*b - 1. Let t be 1/3 - 11/(-3). Suppose -5*s + 16 = -t*s. What is the remainder when s is divided by l(1)?
7
Let g = 54 - 37. Suppose -4*p + g = -5*s - 4, -3 = p - 4*s. What is the remainder when 16 is divided by p?
7
Suppose 2*s - 17 = -3*t + 6*s, -s = 2. Let f = 30 - 20. What is the remainder when f is divided by